-3))?
9
Let f(h) = -721*h - 904. What is the hundreds digit of f(-9)?
5
Let t(b) = 15*b**2 + 147*b + 2062. What is the tens digit of t(-42)?
4
Suppose 383*w = -i + 379*w + 73326, i + 5*w = 73328. What is the thousands digit of i?
3
Let x(v) be the second derivative of v**5/10 - 3*v**4/4 - 23*v**3/6 + v**2 - 2*v + 27. What is the units digit of x(9)?
4
Let o(p) = p**2 - 37*p + 427. Let s be o(21). Let d(g) = 5*g**2 - 5*g + 4. Let q be d(4). Let w = s - q. What is the tens digit of w?
2
Let l(s) be the third derivative of -11*s**4/24 + 98*s**3/3 - 15*s**2 - 2. What is the hundreds digit of l(0)?
1
Let k(y) = 4*y**2 - 18*y - 6. Let t(n) = n**3 + 9*n**2 + 5. Let c be t(-9). Let j be k(c). Suppose -15*i + 2211 = -j*i. What is the hundreds digit of i?
2
Let k(i) = -296*i**3 + 27*i**2 + 67*i + 14. What is the tens digit of k(-3)?
4
Let z = -1923 + 9833. What is the thousands digit of z?
7
Let o(a) = -446*a + 435. Let p be o(1). Let c = 2 + -4. What is the tens digit of (9 + p)*83/c?
8
Let f(q) = 5*q + 2. Let l be f(4). Suppose -b - c = -40, -b + 3*c = -22 - l. Suppose -b*s = -38*s - 630. What is the tens digit of s?
1
Suppose -7*r - 40 + 138 = 0. Let p(a) = 2*a**2 - 8*a - 78. What is the hundreds digit of p(r)?
2
Suppose 40*l - 44*l = -3*b - 216761, 0 = l - 2*b - 54199. What is the hundreds digit of l?
1
Suppose 127*d + 155*d - 434560 = -38*d. What is the thousands digit of d?
1
Suppose 0 = -19*g + 116*g - 3402469. What is the thousands digit of g?
5
Suppose -d + 12 = 2*f + 4, 5*d + 4 = f. Let b(o) = o**2 + o + 429. What is the tens digit of b(d)?
2
Let h(s) = -s**3 + 9*s**2 - 5*s + 1. Let n be h(7). Let d(k) = n*k - 58*k + 6 + 25 - 1. What is the units digit of d(19)?
4
Let d(k) = -197*k - 45. Let t be d(-10). What is the hundreds digit of t/(-10)*(-16)/20?
1
Let i be (-54)/(-189) - (-1615)/7. Let g = i + -48. What is the tens digit of g?
8
Let i = 286 - -20024. What is the tens digit of i?
1
Let y = -95 + 137. Suppose c - p = y, 2*p = c + 3*c - 174. Suppose -4*w + 185 = 4*o - 59, -o + c = -3*w. What is the tens digit of o?
5
What is the thousands digit of (-2 - (-27)/13) + -1542*4600/(-208)?
4
Let p(d) = -26*d**3 + 4*d**2 + 46*d + 40. What is the units digit of p(-10)?
0
What is the hundreds digit of 6113 + (16/(-44) - 348/132)?
1
Let m be 4 - (2 - 0/5). Suppose 5*v - 2*i = -4*i + 294, -3*i - 129 = -m*v. Let y = v + -23. What is the tens digit of y?
3
Let j(r) be the second derivative of 13*r**3/2 - 22*r. Let s be j(10). Suppose -4*q = -0*q - z - 394, -4*q + 3*z + s = 0. What is the units digit of q?
9
Let g(y) = 112*y**2 - 8*y + 6. Let k be g(3). Suppose 68*m - 63*m = k. Suppose c = 2*c - m. What is the tens digit of c?
9
Let t = 16775 - 6908. What is the hundreds digit of t?
8
Suppose 28*o + 140*o = -13*o + 2862696. What is the ten thousands digit of o?
1
Let i = -1141 - -695. Let k = 92 - i. What is the units digit of k?
8
Let f(q) = q**3 + 40*q**2 - 27*q - 755. What is the units digit of f(-26)?
1
Let r(a) = 2*a**3 + 127*a**2 - 108*a + 54. What is the thousands digit of r(-61)?
5
Suppose 3*w + x = 27964, 37*x - 6 = 40*x. What is the units digit of w?
2
Suppose 5*z + 4*h - 67 = 68, -2*z + 5*h = -21. Let d = z + -23. What is the units digit of 0*3/12 + d + 11?
1
Let m(n) = -n**2 - n + 238. Let j be 0/(-15)*2/(-4). What is the hundreds digit of m(j)?
2
Suppose -40*o + 262509 + 77421 = 38970. What is the tens digit of o?
2
What is the thousands digit of 40/(((-8)/10)/((-929)/5 + -9))?
9
Let u(m) = -6*m - 1. Let i be u(-1). Let d(o) = o + 96. Let q be d(-13). Suppose 4*w - i*w = -q. What is the tens digit of w?
8
Let n(g) = -4*g**3 + 4*g**2 + 10*g + 6. Let x be n(7). What is the tens digit of x/10*(-7)/1 + 2?
7
Suppose 0 = 2*z - 2*w - 2*w + 12, -z - 4*w + 18 = 0. Suppose -t - z*q + 983 = 0, -4*t - 7*q + 6*q + 3918 = 0. What is the tens digit of t?
7
Let i = 2363 + -113. What is the tens digit of i?
5
Let y = -1222 + 1877. Let s = -184 + y. What is the tens digit of s?
7
Suppose 37 + 89 = -g. Let d = 243 - g. What is the units digit of d?
9
Suppose -114*v = -s - 112*v + 33648, s - 3*v = 33653. What is the units digit of s?
8
What is the units digit of -2 + (-1 + 0)*-11 - -1306?
5
Let j be ((-3)/5)/(-3*(-4)/(-120)). Suppose 44 = -j*g + 50. What is the tens digit of g/(((12/(-3))/2)/(-230))?
1
Let g = -14879 + 23488. What is the hundreds digit of g?
6
Let c = -18 - -18. Suppose c = 2*h + 10 - 0, -4*p + 3*h - 337 = 0. Let y = p + 282. What is the tens digit of y?
9
Let u(n) be the third derivative of 19*n**4/2 + 23*n**3/3 - 104*n**2. What is the tens digit of u(2)?
0
Suppose 4*u + 2*d - 120786 = 0, 68*u + 4*d = 67*u + 30193. What is the tens digit of u?
9
Let i = -51 + 49. Let s be (-2)/4*i*(2 - -131). Let w = s - 70. What is the tens digit of w?
6
Let x = -33 - -39. Let a = 13 - x. Suppose 126 = -a*j + 10*j. What is the units digit of j?
2
Let y = 42 - 13. Let z = y + 115. Let l = -66 + z. What is the units digit of l?
8
Let r = -101 - -129. Suppose -3*j = 25*s - r*s - 1806, 0 = -2*j + 3*s + 1208. What is the tens digit of j?
9
Let q = 1324 + 7184. What is the tens digit of q?
0
Suppose 29*h + 483562 = 1758170. What is the ten thousands digit of h?
4
Suppose 5873 + 27580 = 9*n. What is the units digit of n?
7
Suppose 9*x + 178 = 439. Let v(t) = t**3 - 29*t**2 + 17*t + 22. What is the units digit of v(x)?
5
Let t = 81 + -93. Let b(o) = 2*o + 33. Let v be b(t). Suppose v*a - 11*a = -110. What is the units digit of a?
5
Suppose 7*a - 2*a = -75. Let b = -308 - -307. What is the tens digit of (-4 - b) + 5/a*-267?
8
Suppose -24*n = -71*n - 40122 + 176046. What is the hundreds digit of n?
8
Suppose -289791 = 7604*z - 7631*z. What is the hundreds digit of z?
7
Let c(o) = -266*o + 110*o - 10 - 154*o. Let p be c(-2). Suppose -u - p = -6*u. What is the units digit of u?
2
Let o be 11/3 + (-16)/24. What is the tens digit of 458/o - 1/(-3)?
5
Let i = 4424 + -2097. Let h = i + -975. What is the units digit of h?
2
Suppose 0 = -72*t + 21*t - 50*t + 5153626. What is the units digit of t?
6
Suppose -3*r = 5*p - 16716, -153*r = -158*r + 10. What is the units digit of p?
2
Suppose 4*n - 25 = -b, n - 50 = -2*b - 0*n. Suppose 123 + 802 = b*v. What is the units digit of v?
7
Let r(h) = -3*h + 2196. Let l be r(0). Let w = l + -1110. What is the units digit of w?
6
Let t be 4487/3 + 17/((-255)/10). Let j = -831 + t. What is the hundreds digit of j?
6
Suppose c + 4 = 0, 5*o - 993*c + 998*c = 37480. What is the thousands digit of o?
7
Let u(i) = 5*i**2 - 13*i + 14. Let c be u(9). Suppose -c = k - 2*k. Suppose 0 = 3*h - 4*n - k, n - 161 = -3*h + 131. What is the units digit of h?
8
Suppose 0 = -28*m + 18*m + 11320. Suppose -y = -m + 689. What is the hundreds digit of y?
4
What is the tens digit of 32*(-3 - (-12991)/44)?
5
Let w be -1 + 6 + -5 + 62. Suppose w*q - 52*q - 2210 = 0. What is the tens digit of q?
2
What is the tens digit of ((-13871)/715)/((-4)/7060)?
4
Suppose 0*q - 10 = 2*q, -4717 = -v - 5*q. Let n = -3200 + v. What is the units digit of n?
2
Suppose 66*u - 50 = 56*u. Suppose u*f - 1438 = -4*v, 0 = 3*v - 4*f - 961 - 133. What is the tens digit of v?
6
Let k(b) = 20*b**2 - 3*b - 4. Let h(v) = -58*v**2 + 9*v + 11. Let z(u) = -6*h(u) - 17*k(u). What is the units digit of z(6)?
2
Let n = 2648 - -2664. What is the units digit of n?
2
Let d(s) be the first derivative of -s**4/4 + 6*s**3 - 6*s**2 - 5*s - 1. Suppose 331*l = 321*l + 170. What is the tens digit of d(l)?
8
Suppose 2*r + 4*d = 33196, 3*r - 49784 = 2*d + 2*d. What is the tens digit of r?
9
Let g(t) = 33*t - 63. Let u(m) be the third derivative of 11*m**4/24 - 7*m**3/2 + 6*m**2. Let z(p) = -3*g(p) + 8*u(p). What is the units digit of z(-8)?
9
Suppose 5*a + 29658 = 115738. What is the thousands digit of a?
7
Let g(f) be the third derivative of 1/15*f**5 + 0 + 0*f - 7/6*f**3 + f**2 - 1/40*f**6 + 1/3*f**4. What is the hundreds digit of g(-4)?
2
Let k = 15 - 6. What is the thousands digit of 4 - ((-9241)/k - (-2)/(-9))?
1
Suppose -7*y - 22 - 6 = 0. Let s = 803 + y. What is the units digit of s?
9
Suppose -4*y - s - 2573 = 0, 4*s = y + 2*y + 1906. Let w = y - -812. What is the hundreds digit of w?
1
Suppose 0 = 6*w - 131 - 283. What is the tens digit of w - (-2)/(-4)*(-4)/1?
7
Suppose 41*a = -35 - 1605. Suppose -